-4*s + 241. List the prime factors of x.
79
Let v be -3 + (-18)/(-12) + 2/(-4). What are the prime factors of -2 + 39 - (v + 2)?
37
Suppose -h + 8*h - 4424 = 0. List the prime factors of h.
2, 79
Let l = -1620 - -3202. List the prime factors of l.
2, 7, 113
Let j(z) = -z**3 - 11*z**2 - 15*z - 45. Let a be j(-10). Suppose -a*n - y = -638, -7*n + 4*n + 396 = 5*y. List the prime factors of n.
127
Suppose x - 3*u = 346, 738 = 3*x - 4*u - 290. Suppose 442 = 4*m + p, m - 5*p = 4*m - x. Suppose -j = j - m. What are the prime factors of j?
5, 11
Let l = -1016 - -2555. What are the prime factors of l?
3, 19
Let p be 36/(-21) - ((-20)/14)/(-5). What are the prime factors of (10 - -1)/(p/(-10))?
5, 11
Suppose -6*w + 2*w = 4, -33 = -4*p + 5*w. Let z be p - (-3 - -7) - -5. Suppose -3*x - 330 = -z*x. List the prime factors of x.
2, 3, 11
Let o be (-1)/3*(-20 - -23)*-1. Suppose 2*l + 2*l = -272. What are the prime factors of ((-8)/32)/(o/l)?
17
Let l(y) = 228*y - 13. Let a(g) = 4*g**2 + 10*g + 5. Let o be a(-2). What are the prime factors of l(o)?
5, 43
Let g be 100 + (10*-2)/(-5). Let s = -55 + g. List the prime factors of s.
7
Let c(u) = -12*u - 30. Suppose -3*g + 26 = -2*t, 3*g - 20 = 3*t + 16. List the prime factors of c(t).
2, 3, 5
Suppose 0*b + 15 = 3*b. Suppose b = l + 4*l. What are the prime factors of (l/4)/((-3)/(-132))?
11
Let p be (-30)/(-20)*10/3. Let b(r) = -4*r - 7 - 2*r**2 + 2*r**2 + 2*r**2. What are the prime factors of b(p)?
23
Suppose 5*c - 8*c = -318. Let f = c + -34. What are the prime factors of f?
2, 3
Let t(a) = a. Let q(g) = g + 12. Let c be q(-5). Suppose 3 = -6*f + c*f. List the prime factors of t(f).
3
What are the prime factors of (-17)/34*(-1 + 1) - -1326?
2, 3, 13, 17
Suppose 47*r + 0*r - 40467 = 0. List the prime factors of r.
3, 7, 41
Let x be 85/(-2*(-4)/8). Suppose -x = h - 6*h. What are the prime factors of h?
17
Suppose 3 = -3*a, -p = p - 5*a + 17. Let l = p + 12. List the prime factors of (-13)/l*(-6)/3.
2, 13
Let q = 1261 + -876. Suppose -4*b + q - 41 = 0. List the prime factors of b.
2, 43
Let h(v) be the third derivative of -v**4/24 - 13*v**3/6 - 8*v**2. Let c be h(-4). What are the prime factors of c/18 + (-154)/(-4)?
2, 19
What are the prime factors of -4 - 270/(-65) - 47397/(-91)?
521
Let d = 30 - 25. Suppose d*t - 40 = -0*t + w, 8 = t + 5*w. List the prime factors of t.
2
Let r(l) = -2*l**3 - 6*l**2 - 3*l + 3. Let p = 40 - 8. Let t = -36 + p. List the prime factors of r(t).
47
Let o = -16 - -16. Suppose o*y - 2*y + 154 = 0. What are the prime factors of y?
7, 11
Let k = -14 + 98. Suppose k = -5*a + 399. What are the prime factors of a?
3, 7
Let l(w) = w**3 + 11*w**2 + 7*w - 5. Suppose 2 + 2 = 3*b - 5*k, 4*b + k - 36 = 0. Let r be (b/6)/(2/(-15)). What are the prime factors of l(r)?
5
Suppose 256*m - 994 = 254*m. List the prime factors of m.
7, 71
Let z = 11 + -18. Let a(r) = 6*r. Let i be a(4). Let m = z + i. What are the prime factors of m?
17
Let h = -215 + 414. What are the prime factors of h?
199
Let c = 60 - -48. Let o = c - -43. What are the prime factors of o?
151
Suppose 4*t + 3*c = 31, 3*c = 14 + 1. Suppose 0 = g + t*g - 5*p - 490, -3*p = g - 86. List the prime factors of g.
5, 19
Let a(r) = -r**3 + r**2 + r - 3. Let h be a(0). Let p(s) = -s**3 + 2*s**2 - 3*s + 1. Let w be p(h). Let i = w - 33. List the prime factors of i.
2, 11
Suppose 3*v = -3*v - 42. Let j(t) = -t**3 - 7*t**2 - t - 3. Let l be j(v). Suppose -46 - 42 = -l*o. What are the prime factors of o?
2, 11
Let h = -34 - -12. Let x be (-392)/h - (-2)/11. Let i = x + -9. What are the prime factors of i?
3
Let a(k) = -18 - 24*k**2 - 6*k + 15*k**2 - 1 - 2*k**3 + k**3. Let g be a(-9). Let m = 75 - g. List the prime factors of m.
2, 5
Suppose -5*g + 3340 = 5*u, 6*g - 11*g - 656 = -u. What are the prime factors of u?
2, 3, 37
Let a(s) = 18*s**2 - 51*s + 903. What are the prime factors of a(17)?
2, 3, 97
Let k(x) = -x**2 + x + 4. Let h be k(3). Let y = 9 + h. Suppose 88 - y = 3*b. List the prime factors of b.
3
List the prime factors of (-4 + -4662)*(5/(-2) + 2).
2333
Suppose 529 = 2*d - 1373. What are the prime factors of d?
3, 317
Let p = 19 - 52. Let c(j) = -4*j**3 + 4*j**2 - 3*j. Let a be c(4). List the prime factors of a/p - (-4)/(-22).
2, 3
Let o = -9 + 9. Suppose o*f = 2*f. Suppose f = 4*y - 20, -3*c - c - 5*y + 149 = 0. List the prime factors of c.
31
What are the prime factors of (-18)/(-1 + -4 - (-2742)/552)?
2, 3, 23
Let r = 18 - 7. Let j = 11 + r. List the prime factors of j.
2, 11
Let j = 1924 + -1342. What are the prime factors of j?
2, 3, 97
Suppose -4*o = -3*l - 9796, -l = 5*o + l - 12245. List the prime factors of o.
31, 79
Let b = -8 + -4. Let h be ((-8)/5)/(b/30). Suppose -5*o + 37 = 2*i, h*o = -4*i + i + 24. List the prime factors of o.
3
Suppose 2286 = 5*y + m, 1812 = y + 3*y + 5*m. Suppose -34 = -6*n + y. What are the prime factors of n?
2, 41
Let c(k) = -k**2 + 6*k + 17. Let i be c(7). Let d = i - -53. What are the prime factors of d?
3, 7
Let z be 2/7 - 927/(-63). Let c = 20 - z. Suppose -j = 4*w - 118, -w = -c*j + 2 - 42. What are the prime factors of w?
2, 3, 5
Let z be 1 + (2/8 - 6415/(-20)). Suppose -y - 5*u + z = 2*y, -3*u + 312 = 3*y. List the prime factors of y.
3, 11
What are the prime factors of (124*9 - -4) + -8 + 2?
2, 557
Let s(l) = 46*l - 125. What are the prime factors of s(14)?
3, 173
Suppose 78*q - 112833 = 55335. List the prime factors of q.
2, 7, 11
Let n(z) be the first derivative of -5*z**2 - 7*z + 1. Let r(s) = -3*s + 3. Let l be r(2). What are the prime factors of n(l)?
23
Suppose -5*t + 207 = -153. Suppose -4*y = -t - 4. Let j = y - 8. List the prime factors of j.
11
Let p be (2 + -1)*(148/2 - -5). List the prime factors of 2 - (4 + (3 - p)).
2, 37
Let v(t) = -t**3 + 20*t**2 + 24. Let r be v(9). Suppose 75 = 5*l - r. What are the prime factors of l?
2, 3, 11
Let i = 36 - 60. Let t = i - -39. List the prime factors of t.
3, 5
Let k be 6*(-3)/(-9) - -2. Suppose 4*x - 6*x = -g - 18, 48 = -k*g + 2*x. What are the prime factors of (-25 + g)*(-18)/10?
3, 7
Let j(t) be the first derivative of -t**3/3 + 5*t**2 + 3*t + 1. Let z be j(11). List the prime factors of 225/36 + 2/z.
2, 3
What are the prime factors of (-75)/(261/90 + -3)?
2, 3, 5
Let o(m) = -m**2 - 10*m - 13. Let d be o(-9). Let s be 1*31 - (7 + d). What are the prime factors of (432/s)/(-6)*-7?
2, 3
Let p(n) = -4*n**3 - n**2 - n - 1. Let u be p(-1). Suppose -j = -u*j. Let h(c) = -c**2 - 2*c + 8. List the prime factors of h(j).
2
What are the prime factors of 1/(10/388)*(-25 - -30)?
2, 97
Let y = -494 - -908. List the prime factors of y.
2, 3, 23
Suppose -300*a + 304*a - 428 = 0. List the prime factors of a.
107
Let b(c) = -c**3 + 8*c**2 + 15*c - 45. What are the prime factors of b(8)?
3, 5
Suppose 0*t = -2*t + 4. Suppose 6*n - 12 = t*n. Suppose 2*f - 47 = -5*k, n*f - k = 2*k + 81. List the prime factors of f.
2, 13
Let i be (18/(-15))/((-2)/5). Let w(n) = i + n + 2*n - n - 1. What are the prime factors of w(1)?
2
Suppose -3*g - 8 = -5*g. Suppose -58 = 3*v - 325. Suppose g*x - v + 37 = 0. List the prime factors of x.
13
Let k be (24/20)/(9/60). Let w be 15/(-10)*k/3. Let d(r) = r**3 + 6*r**2 + 4*r - 1. List the prime factors of d(w).
3, 5
What are the prime factors of (-3 + (-5083)/26)*-4?
2, 397
Let b be 4/(-64)*-4*8. Let m(q) = 9*q - 3*q**2 + 3 - 1 + q**2 + q**b. What are the prime factors of m(7)?
2
Let m be 11/(-33)*2*3. Let v(d) = 23*d**2 - 2*d + 2. List the prime factors of v(m).
2, 7
Let n(o) = 47*o + 231. List the prime factors of n(12).
3, 5, 53
Let g(x) = -2*x**3 - 3*x**2 + 2*x - 4. Let j(z) = z**3 + z**2 + 1. Let k(u) = g(u) + 3*j(u). List the prime factors of k(5).
2, 67
Let d(x) = -x**3 + 2*x - 1. Let r be d(1). Suppose n = 5*p, -2*n = -4*p - r*p. List the prime factors of (-414)/(-9) + n + 2.
2, 3
Suppose 24*h = 25*h. Suppose 0*s - 2*s + 36 = h. List the prime factors of s.
2, 3
Let g = -1 - -5. Let s be (1 + g)*(-58)/(-5). Suppose -4*o + s = -30. List the prime factors of o.
2, 11
Let a = 3925 + -1894. What are the prime factors of a?
3, 677
Suppose -21 = -3*u + 2547. What are the prime factors of u?
2, 107
Let t(d) = 8*d**2 - d - 1. Let n be t(-1). Suppose 773 = n*a + 221. What are the prime factors of a?
3, 23
Suppose -848 = -12*n + 10